t. Let o = a + 1. Let y(b) = -b**3 + 4*b**2 - b + 3. Calculate y(o).
-1
Let m(s) = s**3 + 6*s**2 - 1. Suppose 4*b = 3*b - 6. What is m(b)?
-1
Suppose -4*j - 19 = -5*a, -4*j + 0*a = 2*a + 26. Let r(g) be the second derivative of -1/6*g**3 + 2*g - 3/2*g**2 + 0. What is r(j)?
3
Let h(o) = 6*o**2 + 1. Let r be h(1). Let v(g) = -2 + 2*g - r*g + 4*g. Give v(0).
-2
Suppose -4*d = -16, -w = -2*d + 8 + 2. Let r = 3 + w. Let n(g) be the third derivative of -g**5/60 + g**4/24 + 25*g**2. Give n(r).
0
Let g(w) = 3*w + 2*w - 3*w + 3 - 6. Give g(2).
1
Let i(p) be the second derivative of p**4/12 - 2*p**3/3 - p**2/2 + p. Let z be i(4). Let q(w) = 11*w**3 + w**2 + w + 1. Give q(z).
-10
Let c(m) = m**3 - 12*m**2 + 8. Suppose 3*f - 20 = -4*r, 5*f - 3*r - 77 + 5 = 0. Let q be c(f). Let z(l) = q - 7*l**2 - 8. Give z(-1).
-7
Let n(q) = -4*q + 2. Let k(h) = -h**2 - 4*h + 2. Let z(l) = l**3 - 6*l**2 - l + 2. Let x be z(6). Let s be k(x). What is n(s)?
-6
Let c(x) = -x**3 + 4*x**2 - x - 1. Let o be (-4)/(-18) + 230/18. Let l = -4 + o. Let p = -5 + l. What is c(p)?
-5
Let y be (-176)/(-28) - (-2)/(-7). Let x(w) = -4 - y*w + w**2 + 3 + 4. Suppose 5*z = 26 - 11. Calculate x(z).
-6
Let z(x) be the second derivative of -x**4/6 + 5*x**3/6 + 3*x**2/2 - 33*x. Calculate z(5).
-22
Let u(k) = 4*k. Let i(g) = -g. Let c(t) = -11*i(t) - 2*u(t). Give c(2).
6
Let t(b) be the third derivative of -b**5/30 + 5*b**4/24 + 2*b**3/3 + 3*b**2. Give t(4).
-8
Let z(r) = -7*r - 11. Let d(b) = 3*b + 5. Let u(p) = 5*d(p) + 2*z(p). Suppose 0*w = -c - 5*w - 13, 4*w + 4 = -4*c. Suppose 0 = -y + c*y. Calculate u(y).
3
Let k(o) = -o - 8 - o + 3*o. Suppose f - 49 = -6*f. What is k(f)?
-1
Let p(u) = u**3 + 3*u**2 - 2*u + 3. Let c be (24/(-3))/(-4) - 6. Calculate p(c).
-5
Suppose -12*i - 10 = -17*i. Let o(r) = r**2 - 4*r. Give o(i).
-4
Let q be (-78)/14 + 20/35. Let j(v) = v + 5. Calculate j(q).
0
Let q(p) = p**3 - 2*p**2 - 4. Let v(m) = m**2 - 9*m + 11. Suppose -s + 2*s = 3. Suppose 2*d - 3*d + 28 = s*k, -3*d = 2*k - 28. Let a be v(k). Calculate q(a).
5
Let t(j) = -j**3 + 6*j**2 - 3*j + 4. Let u(o) = o**2 + 3*o + 2. Let g be u(-4). Determine t(g).
-14
Let g(c) = c**3 + 2*c**2 - 11*c - 5. Let l be g(-4). Let i(s) = -s + 2. Determine i(l).
-5
Let x = -25 + 29. Let v(l) = 4*l**2 - l + 2. Let c(g) = -g**2 - g - 1. Let b(k) = 3*c(k) + v(k). Give b(x).
-1
Let g(w) = 6*w + 13 - w**2 - 20 + 7. Give g(5).
5
Let m(d) = 8*d - 18*d + 5*d - 5 + d**2. What is m(5)?
-5
Suppose -2*j = -5*j - 18. Let t be (-1 + 7)*j/(-9). Let m(o) = -t*o + 4 + 6*o - 3*o. What is m(-5)?
9
Let c be 24/(-5) - (-28)/35. Let g(z) = -3*z + 1. What is g(c)?
13
Let m(t) = -4*t + 1. Let l be m(-1). Let q = 9 - l. Let c(f) = 5*f - 6 - 3*f**2 + 2*f**2 - f. Determine c(q).
-6
Let s(b) = -10*b**2 - 7*b + 16. Let n(j) = 3*j**2 + 2*j - 5. Let x(c) = 7*n(c) + 2*s(c). Let w(i) = -i - 6. Let z be w(-3). Calculate x(z).
6
Let p be (0/3 - 1) + (-1 - -3). Let s(o) be the first derivative of -2*o**4 - o**3/3 + o**2/2 - o - 1. Calculate s(p).
-9
Let t(l) = 12*l - 9. Let b(c) = -11*c + 8. Let r = -11 + 4. Let s(w) = r*b(w) - 6*t(w). Let d = 4 + -2. Give s(d).
8
Let l(d) be the second derivative of d**4/12 - d**3 + 4*d**2 + 2*d. Let a be 39/6*2/1. Suppose a + 11 = 4*f. Give l(f).
8
Let g be 24/10*(-40)/(-12). Let p = -5 + g. Let y(u) = u**3 - 3*u**2 + 4*u - 3. Determine y(p).
9
Let w(k) be the second derivative of k**8/6720 - k**6/240 + k**5/60 + k**4/4 - k. Let v(i) be the third derivative of w(i). Determine v(2).
4
Let t(v) = 4*v - 1. Let g be 2/(-10) + (-45)/25. Determine t(g).
-9
Let p(f) be the third derivative of -5*f**2 - 1/60*f**5 + 1/6*f**4 - 1/3*f**3 + 0*f + 0. Let o = -3 - -6. Give p(o).
1
Let s(b) = 0*b - 3 + 1 + 0 + b. What is s(0)?
-2
Let i(f) = 5*f + 1 + 6*f**3 - 5*f**2 + 4*f**3 - 9*f**3. Calculate i(4).
5
Let y = 6 - 3. Let o(t) be the first derivative of -t**4/4 + 2*t**3/3 + t - 4. What is o(y)?
-8
Let h(c) = -2*c + 4. Let t be h(-2). Let r(b) = b**2 - 7*b - 2. Give r(t).
6
Let o(b) = 3*b**3 + 5*b**2 - 3*b + 3. Let g be (2/6)/((-4)/(-60)). Let v(d) = -d**3 - 2*d**2 + d - 1. Let s(z) = g*v(z) + 2*o(z). Give s(-2).
-5
Suppose -g - 2 = 0, 3*g + 5 = i - 6. Let f(t) be the first derivative of 2*t**2 - 1/3*t**3 - 1 + 4*t. What is f(i)?
-1
Let r(j) = -j**2 - 8*j + 1. Let m = 31 - 25. Suppose m*v = 3*v - 21. Determine r(v).
8
Let u be 28/70*5/1. Let r(a) = 3*a - 2*a**2 + 1 + 0*a**2 - 2 + a**3 - a**u. Calculate r(3).
8
Let d(z) = z**2 + 6*z + 7. Let h(w) = w + 1. Let f(a) = -d(a) + h(a). Give f(-4).
-2
Let w(k) = k**2 + 9*k + 4. Let t be w(-9). Let c(g) be the third derivative of -1/12*g**4 + 0*g**3 + 0 + 0*g + 2*g**2. What is c(t)?
-8
Let x(t) = t**2 - 10*t + 8*t + 0*t. Determine x(-4).
24
Let r(w) = -w**3 - 6*w**2 + 3*w + 9. Suppose 15 = -2*h - 3*n, 2*n - 21 - 7 = 5*h. Calculate r(h).
-9
Let a(o) = o. Let j(f) = 3*f + 3. Let p(z) = 2*a(z) - j(z). Give p(0).
-3
Let s(g) = -g**3 + 4*g**2 + 6*g - 7. Let v(n) = n**3 - n**2 - 2. Let a be v(0). Let u be a + 5 + 4/2. Calculate s(u).
-2
Let d(z) = 0 + 0*z**3 - 7 + 5*z**2 + 0 + z**3. Determine d(-5).
-7
Let r(d) = 2 - 3*d + 0 - 1 - 2. Calculate r(-2).
5
Suppose -4*o = 4*g - 48, 54 - 2 = 4*g + 5*o. Suppose p + p = g. Let a(q) = q**2 - 4*q + 3. Give a(p).
3
Let t(k) = -1. Let a(x) = -3*x + 5. Let y(f) = -a(f) - t(f). Give y(3).
5
Let d(x) = x + x - 2 - x. Let h(y) = -9*y + 17. Let v(m) = 51*d(m) + 6*h(m). Calculate v(2).
-6
Let y(m) = m + 1. Let a(x) be the second derivative of x**5/20 - x**4/6 - x**3 - 4*x**2 + x. Let o(h) = -a(h) - 6*y(h). Calculate o(3).
-7
Let a(v) = -v**2 + v + 4. Suppose 3*o = p - 2*o + 25, -5*p + 3*o = 15. Suppose -3*n = -p*n - 9. What is a(n)?
-2
Let x(i) = -3 - i**2 + 6*i + 5 + 2 + 0*i**2. Calculate x(5).
9
Let o(x) = 10*x - 7. Let v(t) = -7*t + 5. Let n = -9 - -2. Let y(u) = n*v(u) - 5*o(u). Determine y(4).
-4
Suppose 4*d = 0, 0*u - 5*d = -u + 4. Suppose -3*i - 20 = -3*g + 13, -12 = u*i. Let l(q) = -1 + 2 + 2*q**3 + 7*q - g*q. Determine l(1).
2
Let i(t) = t**3 + 5*t**2 - 4*t + 6. Suppose -4*c + 7 = 31. What is i(c)?
-6
Let g(z) be the first derivative of -z**7/840 + z**6/72 + z**5/15 - z**4/24 + 2*z**3 + 7. Let a(i) be the third derivative of g(i). What is a(6)?
11
Let m(k) = -k**2 + 6*k - 2. Let b(h) = h**3 - h**2 + 5. Let g(r) = r - r + 3*r - 4*r. Let p be g(0). Let s be b(p). Give m(s).
3
Suppose -y = 3*y. Let o(z) be the first derivative of -z**4/4 - z**3/3 + z**2/2 - 8*z - 1. Give o(y).
-8
Suppose 6 = -2*c - l, 3*l = 2*l. Let h = c + 6. Let q(y) = -10 - y**2 + 0*y**2 - h*y + 8. What is q(-3)?
-2
Let u(f) = -14*f**3 + f**2 - 7*f**3 - 9 + 20*f**3. Give u(0).
-9
Let c = -22 + 7. Let r = c - -10. Let o(x) = -20*x**2 + 5*x - 14. Let k(p) = 7*p**2 - 2*p + 5. Let y(z) = -17*k(z) - 6*o(z). What is y(r)?
4
Let a(z) = -z**2 - 7*z - 6. Let d be a(-4). Let s be 4/d - 8/(-6). Let n(i) = 0 + 0*i - 5*i + 1. Determine n(s).
-9
Let t(d) = d**2 + 2*d - 4. Let y = 10 - 8. Let c be (1 + (-7)/2)*y. Determine t(c).
11
Let b(f) = f**2 - 9*f - 4. Let p = -81 - -90. Calculate b(p).
-4
Let u(r) = -r**2 + 4*r + 6. Let z(j) = j**2 - 6*j + 5. Let n be z(5). Suppose m + n = 6. Determine u(m).
-6
Let z(v) = -v**3 - 13*v**2 - 12*v - 6. Let u(n) = n**3 + 14*n**2 + 13*n + 7. Let x(r) = -6*u(r) - 7*z(r). Determine x(-6).
0
Let l(d) = -2*d - 7. Let k be (-9)/6*-2 + 7. Let j be (-2)/3 + 2/3. Suppose -s - s - k = j. Calculate l(s).
3
Let q(n) = 5*n**2 + 6*n - 2. Let g(b) = -3*b**2 - 7*b + 2. Let y(w) = -3*g(w) - 2*q(w). Calculate y(8).
6
Let t(u) = u**2 - 6*u + 7. Let m be t(6). Let z(p) = p**3 - m*p**2 - 4 + 1 - 3 + 6*p + 0. Give z(6).
-6
Let k = 1 - -1. Let c be ((-9)/27)/((-1)/9). Let h(i) = -2*i**2 - i + 3*i - 2*i**2 + i**c + i. Determine h(k).
-2
Let m(j) = -j. Let d be (-31)/2 - 6/4. Let y = 14 + d. What is m(y)?
3
Let o(f) = f + 7. Let l be (24/10)/((-1)/(-10)). Suppose 0 = y + 5*k - 9 - 5, -4*y - 4*k + l = 0. Suppose -d = -y*d. What is o(d)?
7
Let n be (52/16 - 3)/30. Let p(r) be the third derivative of 0 - 1/60*r**5 - r**2 + 0*r**3 + 0*r - n*r**6 + 1/12*r**4. What is p(-2)?
0
Let k(y) = -2*y**3 + 227*y**2 - 224*y**2 - 1 - y + 1. Let u(v) = -v**2 + 5*v - 2. Let f be u(4). Determine k(f).
-6
Let q(c) = c**3 + c**2 + 2*c + 3. Let x be (-4)/6*(12 - -3). Let u be (-4)/x - (-72)/(-30). Calculate q(u).
-5
Suppo